902 is divided by 78?
44
Calculate the remainder when 1252 is divided by 38.
36
Calculate the remainder when 97 is divided by 30.
7
What is the remainder when 116 is divided by 28?
4
What is the remainder when 698 is divided by 22?
16
What is the remainder when 50 is divided by 16?
2
What is the remainder when 9382 is divided by 26?
22
What is the remainder when 43966 is divided by 24?
22
What is the remainder when 450 is divided by 16?
2
What is the remainder when 50 is divided by 18?
14
What is the remainder when 4030 is divided by 34?
18
What is the remainder when 2795 is divided by 22?
1
Calculate the remainder when 4107 is divided by 4.
3
What is the remainder when 3074 is divided by 257?
247
Calculate the remainder when 110 is divided by 19.
15
Calculate the remainder when 18828 is divided by 269.
267
Calculate the remainder when 3897 is divided by 32.
25
Calculate the remainder when 21664 is divided by 233.
228
Calculate the remainder when 49 is divided by 10.
9
What is the remainder when 2796 is divided by 255?
246
What is the remainder when 11308 is divided by 15?
13
Calculate the remainder when 80 is divided by 22.
14
What is the remainder when 504 is divided by 11?
9
Calculate the remainder when 54 is divided by 20.
14
What is the remainder when 98 is divided by 18?
8
Calculate the remainder when 1476 is divided by 14.
6
Calculate the remainder when 72 is divided by 26.
20
Calculate the remainder when 1557 is divided by 387.
9
Calculate the remainder when 173 is divided by 52.
17
What is the remainder when 721 is divided by 166?
57
What is the remainder when 143 is divided by 16?
15
Calculate the remainder when 550 is divided by 105.
25
Calculate the remainder when 181 is divided by 60.
1
Calculate the remainder when 138 is divided by 19.
5
What is the remainder when 17 is divided by 6?
5
Calculate the remainder when 2755 is divided by 101.
28
What is the remainder when 3797 is divided by 211?
210
What is the remainder when 210 is divided by 63?
21
What is the remainder when 283 is divided by 95?
93
What is the remainder when 590 is divided by 148?
146
Calculate the remainder when 16 is divided by 9.
7
What is the remainder when 3314 is divided by 195?
194
Calculate the remainder when 885 is divided by 418.
49
Calculate the remainder when 90 is divided by 16.
10
Calculate the remainder when 75 is divided by 23.
6
What is the remainder when 1288 is divided by 9?
1
What is the remainder when 346 is divided by 38?
4
Calculate the remainder when 1654 is divided by 118.
2
What is the remainder when 3902 is divided by 967?
34
What is the remainder when 245 is divided by 42?
35
What is the remainder when 589 is divided by 37?
34
What is the remainder when 272 is divided by 39?
38
What is the remainder when 171 is divided by 69?
33
What is the remainder when 316 is divided by 145?
26
What is the remainder when 496 is divided by 63?
55
What is the remainder when 58 is divided by 33?
25
Calculate the remainder when 66 is divided by 30.
6
What is the remainder when 161 is divided by 6?
5
What is the remainder when 1790 is divided by 112?
110
Calculate the remainder when 268 is divided by 21.
16
What is the remainder when 49 is divided by 27?
22
What is the remainder when 6 is divided by 3?
0
Calculate the remainder when 230 is divided by 67.
29
Calculate the remainder when 554 is divided by 112.
106
What is the remainder when 509 is divided by 125?
9
Calculate the remainder when 2487 is divided by 23.
3
Calculate the remainder when 425 is divided by 88.
73
What is the remainder when 987 is divided by 22?
19
Calculate the remainder when 1909 is divided by 10.
9
What is the remainder when 179 is divided by 14?
11
What is the remainder when 177 is divided by 12?
9
Calculate the remainder when 2515 is divided by 26.
19
What is the remainder when 5335 is divided by 184?
183
Calculate the remainder when 531 is divided by 130.
11
Calculate the remainder when 134 is divided by 116.
18
Calculate the remainder when 165 is divided by 119.
46
What is the remainder when 230 is divided by 115?
0
What is the remainder when 351 is divided by 71?
67
Calculate the remainder when 640 is divided by 14.
10
Calculate the remainder when 317 is divided by 8.
5
What is the remainder when 291 is divided by 159?
132
What is the remainder when 438 is divided by 20?
18
Calculate the remainder when 372 is divided by 110.
42
Calculate the remainder when 183 is divided by 29.
9
Calculate the remainder when 108 is divided by 11.
9
Calculate the remainder when 81 is divided by 27.
0
Calculate the remainder when 466 is divided by 59.
53
What is the remainder when 15551 is divided by 144?
143
What is the remainder when 798 is divided by 135?
123
Calculate the remainder when 29634 is divided by 239.
237
What is the remainder when 3032 is divided by 132?
128
Calculate the remainder when 1734 is divided by 158.
154
Calculate the remainder when 483 is divided by 35.
28
Calculate the remainder when 1839 is divided by 71.
64
What is the remainder when 5073 is divided by 118?
117
What is the remainder when 964 is divided by 158?
16
What is the remainder when 444 is divided by 441?
3
Calculate the remainder when 68 is divided by 31.
6
Calculate the remainder when 19 is divided by 19.
0
What is the remainder when 109 is divided by 101?
8
Calculate the remainder when 15 is divided by 2.
1
What is the remainder when 512 is divided by 19?
18
Calculate the remainder when 277 is divided by 56.
53
What is the remainder when 1834 is divided by 17?
15
What is the remainder when 748 is divided by 63?
55
What is the remainder when 1395 is divided by 231?
9
Calculate the remainder when 2433 is divided by 58.
55
Calculate the remainder when 788 is divided by 63.
32
What is the remainder when 857 is divided by 422?
13
Calculate the remainder when 245 is divided by 23.
15
Calculate the remainder when 355 is divided by 142.
71
What is the remainder when 39 is divided by 29?
10
Calculate the remainder when 117 is divided by 6.
3
Calculate the remainder when 75 is divided by 31.
13
What is the remainder when 2696 is divided by 29?
28
What is the remainder when 291 is divided by 50?
41
Calculate the remainder when 3228 is divided by 9.
6
Calculate the remainder when 280 is divided by 156.
124
Calculate the remainder when 172 is divided by 75.
22
What is the remainder when 1585 is divided by 92?
21
What is the remainder when 20007 is divided by 10?
7
What is the remainder when 354 is divided by 60?
54
Calculate the remainder when 299 is divided by 16.
11
Calculate the remainder when 2449 is divided by 359.
295
Calculate the remainder when 768 is divided by 191.
4
Calculate the remainder when 227 is divided by 33.
29
Calculate the remainder when 605 is divided by 289.
27
Calculate the remainder when 20 is divided by 7.
6
What is the remainder when 1066 is divided by 210?
16
What is the remainder when 142 is divided by 30?
22
Calculate the remainder when 792 is divided by 328.
136
What is the remainder when 663 is divided by 131?
8
Calculate the remainder when 532 is divided by 78.
64
What is the remainder when 153 is divided by 51?
0
Calculate the remainder when 63 is divided by 6.
3
Calculate the remainder when 244 is divided by 35.
34
What is the remainder when 1589 is divided by 8?
5
What is the remainder when 36 is divided by 13?
10
What is the remainder when 55 is divided by 50?
5
What is the remainder when 287 is divided by 24?
23
What is the remainder when 2594 is divided by 28?
18
Calculate the remainder when 1384 is divided by 461.
1
What is the remainder when 1377 is divided by 12?
9
Calculate the remainder when 116 is divided by 59.
57
What is the remainder when 28 is divided by 15?
13
What is the remainder when 4550 is divided by 37?
36
Calculate the remainder when 1388 is divided by 9.
2
Calculate the remainder when 20 is divided by 9.
2
Calculate the remainder when 974 is divided by 70.
64
What is the remainder when 1456 is divided by 480?
16
What is the remainder when 3577 is divided by 1188?
13
Calculate the remainder when 689 is divided by 48.
17
What is the remainder when 111 is divided by 56?
55
What is the remainder when 417 is divided by 19?
18
What is the remainder when 199 is div